
-6
2 - (-6 + 7 + 1 + 7)
-7
What is the value of 1 + 3 + (1 - (0 - -3))?
2
What is (1 - 4) + (8 - (-17 - -25))?
-3
Calculate -3 - (2 - 1 - 2).
-2
What is the value of 4 - (7 - (8 + -8))?
-3
(-14 - -6) + -2 + 4
-6
What is (14 + -11 - (4 + 1)) + 0?
-2
-14 + (3 - (6 + -10))
-7
What is -4 + (-3 - 2 - (0 + -4))?
-5
What is the value of 1 + 0 + -2 + 12 + -9?
2
Evaluate (-13 - -4) + (12 - 1).
2
What is the value of -21 + 3 + 3 - -8?
-7
Evaluate (-18 - -4) + 6 - -6.
-2
Calculate 2 + -3 - (-3 + 4).
-2
Evaluate (-1 - 1) + (0 - 1) - -3.
0
1 + 1 + -8 - -5
-1
What is (-1 - -4) + 5 + 6 + -9?
5
Evaluate 1 - 2 - (2 + (-5 - 3)).
5
-5 + 5 + -9 + 7
-2
Calculate -31 + 26 + 0 + 0 + 6.
1
What is -4 - (2 + -6) - 1?
-1
Evaluate 7 + -6 + -3 + (-1 - 5).
-8
Calculate 7 + -8 + (6 - -1).
6
Evaluate 6 - 4 - -3 - 7 - 2.
-4
What is (0 + 4 - 6) + 3 + -6?
-5
What is the value of (1 - 0) + (5 - (-1 - -5))?
2
What is -6 - (-5 + 7 + -15 + 4)?
3
What is 2 + (-6 - ((9 - 6) + -6))?
-1
What is the value of 4 + (-1 - 7 - -2)?
-2
What is the value of 2 - (1 - (2 + 2) - -3)?
2
(-2 - 3) + 3 + 2
0
What is the value of -17 + 22 - (-2 + 0)?
7
0 + 1 + 2 + (5 - 5)
3
What is the value of 1 - (-5 + 13 + -5)?
-2
Calculate 2 + -4 + 1 - -6.
5
Evaluate (-1 - -2) + (3 - (3 - -7)).
-6
What is the value of -1 + -1 + (5 - 11 - -3)?
-5
Calculate -8 + 10 + -5 - -7.
4
Evaluate -6 + 0 - (-4 - -4).
-6
Calculate 5 - (7 + -13) - 4 - 13.
-6
What is the value of 6 - (12 + -5 + -7) - -2?
8
What is -2 - (-20 + 8 + -1)?
11
Calculate (-5 - 2 - -1) + 11 + -8.
-3
What is -2 - -9 - (-18 + 24)?
1
Calculate (-1 - -8) + 1 + -9.
-1
Evaluate 2 + -14 + 22 - (0 + 5).
5
Calculate 0 + (-2 - -4) - -2.
4
Calculate 1 + (-2 - 0 - -4) + 0.
3
What is the value of -1 - (-1 - 3 - -7)?
-4
What is the value of 6 + 11 + -7 + -10?
0
What is (-1 - -10) + (2 - 9)?
2
(1 - -17 - 10) + -7
1
1 + 1 - (4 + (0 - 6))
4
What is (0 - -9) + 78 + -86?
1
What is the value of -27 - -28 - (3 - 2)?
0
Evaluate 2 - (-6 + 12) - -2.
-2
What is the value of (2 - 5) + -3 + 0 + 2?
-4
What is the value of (3 - 1) + 3 - (11 - 7)?
1
Evaluate 1 - (-14 - (-4 - 8)).
3
Calculate -3 + -1 + 26 + -19.
3
Calculate -16 + 7 - -4 - 1.
-6
What is 8 - (2 - -3 - 1)?
4
What is (-3 - -1 - -3) + -3 + 2?
0
What is the value of 6 + (0 - 0 - 2)?
4
(0 + 0 - 0) + (37 - 38)
-1
What is -2 - (-8 + (5 - (-2 + 2)))?
1
4 + (-5 - (-1 - -4))
-4
-4 - (5 + -6 + -1) - -4
2
What is (2 - (-3 - (-4 - 3))) + 7?
5
What is (-2 - 0) + 2 + -3 + 2?
-1
Evaluate (4 + -3 - 2) + 2 + 0.
1
Evaluate (2 - -4) + (-5 - -2).
3
What is the value of 3 - ((-6 + -5 - -7) + 11)?
-4
What is the value of (-8 - 1) + 18 + -18 + 4?
-5
Evaluate (4 - -2) + -6 + -5.
-5
-6 - -5 - (0 - (1 + -4))
-4
What is (-4 - -3) + 2 + 1 + 4?
6
What is the value of 2 + -1 + -3 + 8 + -3?
3
Evaluate -13 + -1 + 12 + -4.
-6
What is the value of 5 + 1 + (1 - -4) + -6?
5
Calculate 0 + -4 + (4 - 4).
-4
Evaluate -1 + (-1 - (-4 - -2 - -2)).
-2
What is the value of 1 - (-12 - -5 - -1)?
7
Calculate -7 + -2 + 1 + -5 + 13.
0
What is (0 + -1 - -1) + (3 - -1)?
4
Evaluate 10 - 13 - (-3 - -1).
-1
Evaluate -4 + 7 + -1 + -7.
-5
What is the value of -5 + (-7 - -4) + (3 - -1)?
-4
Calculate (-9 - -15) + (-11 - -3).
-2
Evaluate 2 - (2 + 4 + 11 + -13).
-2
Calculate 16 + (0 - 1) + -5 + -2.
8
What is -5 + (1 - -4) + -5?
-5
Evaluate 16 + -18 - (2 - -2) - -12.
6
Evaluate -5 + (5 + 1 - 4 - 0).
-3
Evaluate 5 + -5 + (2 - -2).
4
Evaluate (3 + -1 - (-4 - -7)) + 0.
-1
What is (-53 - -30) + (16 - 3)?
-10
Evaluate -7 + -4 + 3 + 4.
-4
Evaluate -9 + (12 + -20 - -21).
4
What is (-5 - (0 + 3)) + (5 - 2)?
-5
What is the value of (-3 - (-10 + 8)) + (0 - -6)?
5
Evaluate -1 + 4 + -2 + 4 + -2.
3
What is the value of -6 + (0 - 1 - -10)?
3
Evaluate 1 - (-11 + (9 - 3)).
6
What is the value of 183 + -173 + (1 - 19)?
-8
-8 - (-1 + 0 + -4)
-3
(-6 - 0) + -8 + (6 - -1)
-7
What is the value of -2 + -4 + 15 + -5?
4
What is the value of -3 + 7 + -4 - -4 - 11?
-7
Evaluate (2 - ((0 - 1) + 0)) + -4.
-1
Calculate 2 + (6 + -1 - 7).
0
Evaluate -2 - (-4 - -6 - 0) - 2.
-6
Evaluate 0 + (6 - (-2 + 8)) + -7.
-7
Evaluate -5 - (5 - 1) - (1 + -6).
-4
What is 4 + -7 + -8 + 7?
-4
Calculate (6 - (-1 - -5)) + 4 - 1.
5
What is 4 + -1 - (-17 + 5 + 9)?
6
(-1 + 3 + 0 - 1) + -3
-2
What is (-6 - (-16 - -5)) + -4?
1
1 - ((-9 - -3) + 11) - -1
-3
What is the value of 14 + -12 + (1 - 9)?
-6
What is the value of -14 - -20 - (-2 - (2 + -3))?
7
Calculate 0 - 1 - (0 - 1 - 1).
1
What is the value of (1 - -2) + (-7 - 1) + -4?
-9
What is 6 - (-3 - -2 - -5)?
2
Evaluate 1 + -5 + -16 + 23.
3
What is the value of (-1 - 2) + 12 - 14?
-5
Calculate 6 + -12 + 6 - -3.
3
Calculate 1 + ((-8 - -4) + 8 - 8).
-3
What is (-47 - -46) + 3 + -1?
1
What is (-71 - -76) + 4 + 0?
9
(-3 - -6) + (11 - 11)
3
Calculate (-7 + 6 - -8) + -8.
-1
What is the value of 28 + -32 + -1 + 5?
0
What is (-3 - -5 - 3) + 6?
5
What is (-1 - (-1 + (2 - 3))) + -1?
0
What is the value of (26 + -8 - 14) + (1 - 0)?
5
-1 - ((3 - (1 + 1)) + -11)
9
What is the value of 1 + -3 + 3 - -1?
2
What is 0 - (-10 + 15 - 3)?
-2
Calculate (-6 + 4 - 1) + 0 + 2.
-1
2 + (-3 + 0 - (2 + -7))
4
Calculate -14 + -6 + 24 + -9.
-5
What is (-8 - -2) + -6 + 12?
0
Calculate 8 + (4 - (0 - -6)) - 3.
3
What is 9 - (4 + -2 + 10)?
-3
(0 - -5) + -9 + 13
9
(0 - -2 - 8 - -4) + 2
0
15 + -10 - ((-1 - 4) + 1)
9
What is -3 + (10 - 5) - 0?
2
-7 + -9 + (-12 - -37)
9
Calculate 10 - 10 - (-6 - 0).
6
Calculate 0 + 9 - 10 - 5.
-6
3 + (6 + -7 - 2) + -1
-1
What is 5 + (-4 + 0 - -5)?
6
5 + 0 + -1 - (2 + -2)
4
Evaluate 3 - (0 + 11 + -7).
-1
Evaluate -1 - (2 - (-4 + 8)) - 4.
-3
What is the value of -2 + (2 - (0 - 1))?
1
What is the value of (-15 - (-1 - 11)) + (-5 - 0)?
-8
What is the value of -5 - (7 + -24 + 9)?
3
-9 - (-15 - (17 - 14))
9
Evaluate (5 + 1 - -2) + -5.
3
What is (-3 - -2) + (2 - 5)?
-4
Calculate (-8 - -4) + -1 + 5 - 6.
-6
Calculate (5 - 1) + -1 + -7.
-4
What is (0 - -5) + (-1 - -2 - -3)?
9
Calculate 0 - (-5 - (-4 - -4)).
5
Evaluate -1 + (4 - 6) - -4.
1
Calculate -3 + ((-2 - -7) + -8 - -3).
-3
What is -2 + 2 + 4 - (3 + -2)?
3
Calculate 3 - (8 + -3 + -2 + 1).
-1
Evaluate (-2 - -11) + (-5 - -3).
7
What is the value of (3 - 2) + (-2 + 4 - -2)?
5
Evaluate -9 + 13 + -4 + 0 + -1.
-1
1 + 2 + -4 - -6
5
Evaluate -8 + 12 - (11 + -3 + 0).
-4
(0 - (2 + 3)) + -2
-7
Calculate (-1 - 1) + -4 - -3.
-3
What is the value of (6 + -1 - 6) + -8 + 5?
-4
Calculate -3 - (0 - (-1 + (-5 - -4))).
-5
What is the value of 2 - 5 - (4 + 1 + -6)?
-2
Evaluate 3 + (-1 - (-3 - -10)).
-5
What is 1 + 1 + (1 - 4)?
-1
What is the value of (5 + -2 - (-21 + 32)) + 4?
-4
What is the value of -1 + 2 + 5 + -7?
-1
What is -35 + 42 - (0 + 5)?
2
Calculate 0 - (-3 + 3 + -1).
1
What is the value of 1 + (4 - (-1 + 1))?
5
What is -6 + 10 - (4 - 0)?
0
Calculate 1 + -5 - (-1 - -1 - 6).
2
-7 - (-6 - 2) - -5
6
Evaluate (2 - 1) + (2 - 1).
2
Evaluate 7 + (-6 - (-3 + -2)).
6
Evaluate -9 + 2 + 3 - 0.
-4
What is the value of -7 + (-1 - -8 - -2)?
2
Evaluate 16 - -1 - (-18 + 27).
8
What is the value of -1 - -4 - (17 + -12)?
-2
Evaluate 0 - (-5 + 3 + 1).
1
What is the value of 1 - (0 + -4 - -8)?
-3
-11 + 6 + 6 + 3 + -6
-2
What is -2 + 5 + 3 - 3?
3
(1 - -6) + (1 - 11)
-3
53 + -57 + (-2 - -9 - -1)
4
(3 - (-4 - -4)) + 4 + -8
-1
-5 + 2 + -2 - (-124 - -113)
6
What is -3 - 9 - (21 - 26)?
-7
(1 - 5) + (1 - -7)
4
0 + 2 + -5 - (-1 + -7)
5
Calculate 5 + -19 - (-16 + 1 - -9).
-8
Calculate -2 - (-1 - (-4 + 3 + -2)).
-4
What is the value of 0 + (-1 - -1) + (-7 - -3)?
-4
What is 2 + 0 + 2 + (-8 - -6)?
2
Evaluate 1 + (4 - 0) + 4 + -6.
3
Evaluate -3 + 4 + -3 + 5 - 1.
2
What is the value of -1 + 2 + 7 - (234 + -230)?
4
What is the value of -5 - 3 - (-13 + 9)?
-4
What is -9 + (6 - -5 - 5)?
-3
0 - 0 - (8 - 3)
-5
What is the value of (7 - 6) + -1 + (2 - -2)?
4
-3 + -5 + 2 + 2
-4
What is 10 + (-12 - 10) - -11?
-1
1 + (2 - 3) + 0 + -1
-1
What is 0 + (1 - 1) + (-9 - -1)?
-8
5 - 5 - (-2 + 1)
1
Evaluate -9 + (2 - -4) + 3.
0
-7 + 7 - (0 + 2) - -5
3
What is -13 + -1 - ((8 - -7) + -20)?
-9
Calculate -7 + (11 - -8) + -21.
-9
Evaluate (-4 - -9 - 1) + -2.
2
What is the value of (1 - 2 - (-6 + 2)) + -6?
-3
Calculate 16 - (-4 - -15) - (-2 - -1).
6
Calculate -11 + 8 + 20 + -10.
7
What is (-2 - (8 + -3 - 3)) + 3?
-1
Evaluate 4 + -5 + 6 + (0 - 7).
-2
What is the value of -1 - 1 - (12 + -9 - 8)?
3
4 + -4 + 3 - 